{"id":118,"date":"2020-02-14T19:13:48","date_gmt":"2020-02-14T16:13:48","guid":{"rendered":"https:\/\/tarik.ege.edu.tr\/?page_id=118"},"modified":"2023-11-06T16:17:57","modified_gmt":"2023-11-06T13:17:57","slug":"118-2","status":"publish","type":"page","link":"https:\/\/yos.ege.edu.tr\/?page_id=118","title":{"rendered":""},"content":{"rendered":"\n<h2 class=\"has-text-align-center wp-block-heading\"><strong>SINAVA G\u0130R\u0130LECEK SINAV MERKEZLER\u0130NE G\u00d6RE SINAV \u00dcCRETLER\u0130<\/strong><\/h2>\n\n\n\n<figure class=\"wp-block-table\"><table><tbody><tr><td class=\"has-text-align-center\" data-align=\"center\">  <strong> T\u00fcrkiye\/KKTC  <\/strong><\/td><td class=\"has-text-align-center\" data-align=\"center\"><strong>Azerbaycan\/\u00d6zbekistan<\/strong><\/td><td class=\"has-text-align-center\" data-align=\"center\"><strong>Almanya\/Bel\u00e7ika\/Hollanda<\/strong><\/td><\/tr><tr><td class=\"has-text-align-center\" data-align=\"center\"><strong>(Ankara\/\u0130stanbul\/\u0130zmir\/Lefko\u015fa)<\/strong><\/td><td class=\"has-text-align-center\" data-align=\"center\"><strong>(Bak\u00fc\/Gence\/ )<\/strong><\/td><td class=\"has-text-align-center\" data-align=\"center\"><strong>(M\u00fcnih\/ \/ )<\/strong><\/td><\/tr><tr><td class=\"has-text-align-center\" data-align=\"center\">1800 TL<\/td><td class=\"has-text-align-center\" data-align=\"center\"> 100 $ <\/td><td class=\"has-text-align-center\" data-align=\"center\">100 \u20ac<\/td><\/tr><\/tbody><\/table><\/figure>\n\n\n\n<h2 class=\"has-text-align-center wp-block-heading\"><strong>SINAV \u00dcCRET\u0130N\u0130N YATIRILACA\u011eI HESAP B\u0130LG\u0130LER\u0130<\/strong><\/h2>\n\n\n\n<p><strong>T\u00fcrk\nLiras\u0131 (TL) Hesab\u0131<\/strong><\/p>\n\n\n\n<figure class=\"wp-block-table\"><table><tbody><tr><td>\n  <strong>Banka Ad\u0131<\/strong>\n  <\/td><td>\n  T.C. Ziraat Bankas\u0131\n  <\/td><\/tr><tr><td>\n  <strong>\u015eube ve Kodu<\/strong>\n  <\/td><td>\n  EGE T\u0131p \/ \u0130zmir 1446\n  <\/td><\/tr><tr><td>\n  <strong>Hesap Sahibi<\/strong>\n  <\/td><td>\n  E.\u00dc.STRATEJ\u0130 GEL\u0130\u015eT\u0130RME D.B\u015eK \u2013 EGEY\u00d6S\n  TL\n  <\/td><\/tr><tr><td>\n  <strong>Hesap No<\/strong>\n  <\/td><td>\n  38710332-5553&nbsp; \n  <\/td><\/tr><tr><td>\n  <strong>IBAN No<\/strong>\n  <\/td><td>   TR48 0001 0014 4638 7103 3255 53   <\/td><\/tr><tr><td>\n  <strong>Swift Kodu<\/strong>\n  <\/td><td>\n  TCZBTR2A&nbsp;&nbsp;&nbsp; <strong><\/strong>\n  <\/td><\/tr><\/tbody><\/table><\/figure>\n\n\n\n<p><strong>USD ($) Hesab\u0131<\/strong><\/p>\n\n\n\n<figure class=\"wp-block-table\"><table><tbody><tr><td>\n  <strong>Banka Ad\u0131<\/strong>\n  <\/td><td>\n  T.C. Ziraat Bankas\u0131\n  <\/td><\/tr><tr><td>\n  <strong>\u015eube ve Kodu<\/strong>\n  <\/td><td>\n  EGE T\u0131p \/ \u0130zmir 1446\n  <\/td><\/tr><tr><td>\n  <strong>Hesap Sahibi<\/strong>\n  <\/td><td>   E.\u00dc.STRATEJ\u0130 GEL\u0130\u015eT\u0130RME D.B\u015eK \u2013 EGEY\u00d6S USD   <\/td><\/tr><tr><td>\n  <strong>Hesap No<\/strong>\n  <\/td><td>   38710332-5554&nbsp;    <\/td><\/tr><tr><td>\n  <strong>IBAN No<\/strong>\n  <\/td><td>   TR21 0001 0014 4638 7103 3255 54<\/td><\/tr><tr><td>\n  <strong>Swift Kodu<\/strong>\n  <\/td><td>\n  TCZBTR2A&nbsp;&nbsp;&nbsp; <strong><\/strong>\n  <\/td><\/tr><\/tbody><\/table><\/figure>\n\n\n\n<p><strong>EUR (\u20ac) Hesab\u0131<\/strong><\/p>\n\n\n\n<figure class=\"wp-block-table\"><table><tbody><tr><td><strong>Banka Ad\u0131<\/strong><\/td><td>T.C. Ziraat Bankas\u0131 <strong><\/strong><\/td><\/tr><tr><td><strong>\u015eube ve Kodu<\/strong><\/td><td>EGE T\u0131p \/ \u0130zmir 1446<strong><\/strong><\/td><\/tr><tr><td><strong>Hesap Sahibi<\/strong><\/td><td>E.\u00dc.STRATEJ\u0130 GEL\u0130\u015eT\u0130RME D.B\u015eK \u2013 EGEY\u00d6S EUR<\/td><\/tr><tr><td><strong>Hesap No<\/strong><\/td><td>638710332-5555<\/td><\/tr><tr><td><strong>IBAN No<\/strong><\/td><td>TR91 0001 0014 4638 7103 3255 55<\/td><\/tr><tr><td><strong>Swift Kodu<\/strong><\/td><td>TCZBTR2A<\/td><\/tr><\/tbody><\/table><\/figure>\n\n\n\n<figure class=\"wp-block-table\"><table><tbody><tr><td class=\"has-text-align-center\" data-align=\"center\">  <em style=\"font-weight: bold;\">Dikkat!<\/em> <br><strong><em>S\u0131nava ba\u015fvuran aday say\u0131s\u0131n\u0131n 30 ki\u015fiden az olmas\u0131 durumunda T\u00fcrkiye d\u0131\u015f\u0131ndaki yerlerde s\u0131nav merkezi a\u00e7\u0131lmaz. S\u0131nav merkezinin a\u00e7\u0131lmamas\u0131 durumunda aday s\u0131nav merkezi a\u00e7\u0131lan bir yerde s\u0131nava girmeyi tercih edebilir. Ba\u015fka s\u0131nav merkezi tercih etmeyen adaylar\u0131n \u00f6demeleri iade edilir.<\/em><\/strong><\/td><\/tr><\/tbody><\/table><\/figure>\n","protected":false},"excerpt":{"rendered":"<p>SINAVA G\u0130R\u0130LECEK SINAV MERKEZLER\u0130NE G\u00d6RE SINAV \u00dcCRETLER\u0130 T\u00fcrkiye\/KKTC Azerbaycan\/\u00d6zbekistan Almanya\/Bel\u00e7ika\/Hollanda (Ankara\/\u0130stanbul\/\u0130zmir\/Lefko\u015fa) (Bak\u00fc\/Gence\/ ) (M\u00fcnih\/ \/ ) 1800 TL 100 $ 100 \u20ac SINAV \u00dcCRET\u0130N\u0130N YATIRILACA\u011eI HESAP B\u0130LG\u0130LER\u0130 T\u00fcrk Liras\u0131 (TL) Hesab\u0131 Banka Ad\u0131 T.C. Ziraat Bankas\u0131 \u015eube ve Kodu EGE T\u0131p \/ \u0130zmir 1446 Hesap Sahibi E.\u00dc.STRATEJ\u0130 GEL\u0130\u015eT\u0130RME D.B\u015eK \u2013 EGEY\u00d6S TL Hesap No 38710332-5553&nbsp;&hellip; <br \/> <a class=\"read-more\" href=\"https:\/\/yos.ege.edu.tr\/?page_id=118\">Devam\u0131<\/a><\/p>\n","protected":false},"author":1,"featured_media":0,"parent":0,"menu_order":0,"comment_status":"closed","ping_status":"closed","template":"","meta":{"footnotes":""},"class_list":["post-118","page","type-page","status-publish","hentry"],"_links":{"self":[{"href":"https:\/\/yos.ege.edu.tr\/index.php?rest_route=\/wp\/v2\/pages\/118","targetHints":{"allow":["GET"]}}],"collection":[{"href":"https:\/\/yos.ege.edu.tr\/index.php?rest_route=\/wp\/v2\/pages"}],"about":[{"href":"https:\/\/yos.ege.edu.tr\/index.php?rest_route=\/wp\/v2\/types\/page"}],"author":[{"embeddable":true,"href":"https:\/\/yos.ege.edu.tr\/index.php?rest_route=\/wp\/v2\/users\/1"}],"replies":[{"embeddable":true,"href":"https:\/\/yos.ege.edu.tr\/index.php?rest_route=%2Fwp%2Fv2%2Fcomments&post=118"}],"version-history":[{"count":16,"href":"https:\/\/yos.ege.edu.tr\/index.php?rest_route=\/wp\/v2\/pages\/118\/revisions"}],"predecessor-version":[{"id":1509,"href":"https:\/\/yos.ege.edu.tr\/index.php?rest_route=\/wp\/v2\/pages\/118\/revisions\/1509"}],"wp:attachment":[{"href":"https:\/\/yos.ege.edu.tr\/index.php?rest_route=%2Fwp%2Fv2%2Fmedia&parent=118"}],"curies":[{"name":"wp","href":"https:\/\/api.w.org\/{rel}","templated":true}]}}