{"id":23,"date":"2020-02-14T16:27:47","date_gmt":"2020-02-14T13:27:47","guid":{"rendered":"https:\/\/yos.ege.edu.tr\/?page_id=23"},"modified":"2023-11-20T10:08:02","modified_gmt":"2023-11-20T07:08:02","slug":"egeyos-hakkinda","status":"publish","type":"page","link":"https:\/\/yos.ege.edu.tr\/?page_id=23","title":{"rendered":""},"content":{"rendered":"\n<h2 class=\"wp-block-heading\"><strong>EGEY\u00d6S Hakk\u0131nda<\/strong><\/h2>\n\n\n\n<p>EGEY\u00d6S,&nbsp;<em>Ege \u00dcniversitesi<\/em>&nbsp;ve T\u00fcrkiye\u2019 de EGEY\u00d6S\u2019\u00fc kabul eden di\u011fer \u00fcniversitelerde e\u011fitim g\u00f6rmek isteyen yabanc\u0131 uyruklu \u00f6\u011frencilerin girebilecekleri ve sonu\u00e7lar\u0131n\u0131 yerle\u015ftirme ba\u015fvurusunda kullanabilecekleri bir s\u0131navd\u0131r.<\/p>\n\n\n\n<p>EGEY\u00d6S\u2019te adaylara, Say\u0131sal Yetenek Testi ile Temel Matematik Testi uygulanacakt\u0131r. Say\u0131sal Yetenek Testinde 40 soru, Temel Matematik Testinde 40 soru olacakt\u0131r. Sorular \u00e7oktan se\u00e7meli olup be\u015f se\u00e7eneklidir.<\/p>\n\n\n\n<p>EGEY\u00d6S\u2019te, Fizik, Kimya, Biyoloji, Co\u011frafya, Tarih gibi alanlarla ilgili soru bulunmayacakt\u0131r. Test, dile \u00e7ok az dayanmakta, bununla birlikte sorular\u0131n T\u00fcrk\u00e7e ve \u0130ngilizce a\u00e7\u0131klamalar\u0131 bulunmaktad\u0131r.<\/p>\n\n\n\n<p><strong><span class=\"has-inline-color has-vivid-red-color\">2024 EGEY\u00d6S\/1 a\u015fa\u011f\u0131daki tabloda verilen konu ba\u015fl\u0131klar\u0131n\u0131 i\u00e7ermektedir.<\/span><\/strong><\/p>\n\n\n\n<figure class=\"wp-block-table is-style-stripes\"><table><tbody><tr><td>SAYISAL YETENEK TEST\u0130<\/td><td>TEMEL MATEMAT\u0130K TEST\u0130<\/td><\/tr><tr><td>Kelimelerle\/Harflerle Say\u0131 \u015eifreleme<\/td><td>Say\u0131lar<\/td><\/tr><tr><td>\u015eekillerle Say\u0131 \u015eifreleme<\/td><td>B\u00f6lme ve B\u00f6l\u00fcnebilme<\/td><\/tr><tr><td>\u015eekillerle Harf E\u015fle\u015ftirme<\/td><td>Fakt\u00f6riyel<\/td><\/tr><tr><td>\u015eekil Birle\u015ftirme ve Tamamlama<\/td><td>Perm\u00fctasyon &#8211; Kombinasyon -Olas\u0131l\u0131k<\/td><\/tr><tr><td>Farkl\u0131 \u015eekli Bulma (\u015eekil Matrisi)<\/td><td>\u0130\u015flem<\/td><\/tr><tr><td>\u015eekil D\u00f6nd\u00fcrme (Yans\u0131ma &#8211; \u00d6teleme &#8211; Simetri)<\/td><td>Rasyonel ve Ondal\u0131kl\u0131 Say\u0131lar<\/td><\/tr><tr><td>\u015eekil \u00d6r\u00fcnt\u00fcs\u00fc<\/td><td>Basit E\u015fitsizlikler<\/td><\/tr><tr><td>\u015eekildeki Denklemleri Uygulayabilme<\/td><td>Mutlak De\u011fer<\/td><\/tr><tr><td>\u015eekil Denkli\u011fi (Terazide)<\/td><td>\u00dcsl\u00fc Say\u0131lar<\/td><\/tr><tr><td>\u015eekil Denkli\u011fi (Tabloda)<\/td><td>K\u00f6kl\u00fc Say\u0131lar<\/td><\/tr><tr><td>\u015eekil ile \u0130li\u015fkilendirilmi\u015f Say\u0131 \u00d6r\u00fcnt\u00fcs\u00fc<\/td><td>Oran-Orant\u0131<\/td><\/tr><tr><td>Say\u0131 \u00d6r\u00fcnt\u00fcs\u00fc<\/td><td>K\u00fcmeler<\/td><\/tr><tr><td>\u0130ki Say\u0131 Aras\u0131ndaki \u0130li\u015fki<\/td><td>Fonksiyonlar<\/td><\/tr><tr><td>Say\u0131lar Aras\u0131 \u0130li\u015fki Bulma<\/td><td>\u00c7arpanlara Ay\u0131rma<\/td><\/tr><tr><td>\u0130\u015flem (Tablo)<\/td><td>Polinom<\/td><\/tr><tr><td>Toplama ve\/veya \u00c7arpma Tablosu<\/td><td>\u0130kinci Dereceden Denklemler<\/td><\/tr><tr><td>\u015eekli Kareye Tamamlama<\/td><td>Parabol<\/td><\/tr><tr><td>K\u00fcp Sayma<\/td><td>Trigonometri<\/td><\/tr><tr><td>K\u00fcplerde Boyal\u0131\/Harfli\/Rakaml\u0131 Y\u00fczeyler<\/td><td>Logaritma<\/td><\/tr><tr><td>K\u00fcp\u00fcn A\u00e7\u0131l\u0131m\u0131\/Farkl\u0131 A\u00e7\u0131l\u0131mlar\u0131<\/td><td>Karma\u015f\u0131k Say\u0131lar<\/td><\/tr><tr><td>\u015eekil Sayma (\u00dc\u00e7gen, Kare, Dikd\u00f6rgken vs.)<\/td><td>Diziler &#8211; Seriler &#8211; Toplam ve \u00c7arp\u0131m Sembol\u00fc<\/td><\/tr><tr><td>Katlama<\/td><td>Do\u011frunun analiti\u011fi<\/td><\/tr><tr><td>Ka\u011f\u0131t Katlama ve Kesme<\/td><td>Limit<\/td><\/tr><tr><td>4&#215;4, 5&#215;5 ve 6&#215;6 Sudoku ve\/veya Benzeri Mant\u0131k Oyunlar\u0131 <\/td><td>T\u00fcrev<\/td><\/tr><tr><td>&nbsp;<\/td><td>\u0130ntegral<\/td><\/tr><tr><td>&nbsp;<\/td><td>D\u00fczlemde\/\u00dc\u00e7gende A\u00e7\u0131lar<\/td><\/tr><tr><td>&nbsp;<\/td><td>\u00d6zel \u00dc\u00e7genler<\/td><\/tr><tr><td>&nbsp;<\/td><td>\u00dc\u00e7gende A\u00e7\u0131ortay ve Kenarortay<\/td><\/tr><tr><td>&nbsp;<\/td><td>D\u00f6rtgenler<\/td><\/tr><tr><td>&nbsp;<\/td><td>Dairede Alan<\/td><\/tr><tr><td>&nbsp;<\/td><td>Kat\u0131 Cisimler<\/td><\/tr><\/tbody><\/table><\/figure>\n","protected":false},"excerpt":{"rendered":"<p>EGEY\u00d6S Hakk\u0131nda EGEY\u00d6S,&nbsp;Ege \u00dcniversitesi&nbsp;ve T\u00fcrkiye\u2019 de EGEY\u00d6S\u2019\u00fc kabul eden di\u011fer \u00fcniversitelerde e\u011fitim g\u00f6rmek isteyen yabanc\u0131 uyruklu \u00f6\u011frencilerin girebilecekleri ve sonu\u00e7lar\u0131n\u0131 yerle\u015ftirme ba\u015fvurusunda kullanabilecekleri bir s\u0131navd\u0131r. EGEY\u00d6S\u2019te adaylara, Say\u0131sal Yetenek Testi ile Temel Matematik Testi uygulanacakt\u0131r. Say\u0131sal Yetenek Testinde 40 soru, Temel Matematik Testinde 40 soru olacakt\u0131r. Sorular \u00e7oktan se\u00e7meli olup be\u015f se\u00e7eneklidir. EGEY\u00d6S\u2019te, Fizik, Kimya,&hellip; <br \/> <a class=\"read-more\" href=\"https:\/\/yos.ege.edu.tr\/?page_id=23\">Devam\u0131<\/a><\/p>\n","protected":false},"author":1,"featured_media":0,"parent":0,"menu_order":0,"comment_status":"closed","ping_status":"closed","template":"","meta":{"footnotes":""},"class_list":["post-23","page","type-page","status-publish","hentry"],"_links":{"self":[{"href":"https:\/\/yos.ege.edu.tr\/index.php?rest_route=\/wp\/v2\/pages\/23","targetHints":{"allow":["GET"]}}],"collection":[{"href":"https:\/\/yos.ege.edu.tr\/index.php?rest_route=\/wp\/v2\/pages"}],"about":[{"href":"https:\/\/yos.ege.edu.tr\/index.php?rest_route=\/wp\/v2\/types\/page"}],"author":[{"embeddable":true,"href":"https:\/\/yos.ege.edu.tr\/index.php?rest_route=\/wp\/v2\/users\/1"}],"replies":[{"embeddable":true,"href":"https:\/\/yos.ege.edu.tr\/index.php?rest_route=%2Fwp%2Fv2%2Fcomments&post=23"}],"version-history":[{"count":33,"href":"https:\/\/yos.ege.edu.tr\/index.php?rest_route=\/wp\/v2\/pages\/23\/revisions"}],"predecessor-version":[{"id":1539,"href":"https:\/\/yos.ege.edu.tr\/index.php?rest_route=\/wp\/v2\/pages\/23\/revisions\/1539"}],"wp:attachment":[{"href":"https:\/\/yos.ege.edu.tr\/index.php?rest_route=%2Fwp%2Fv2%2Fmedia&parent=23"}],"curies":[{"name":"wp","href":"https:\/\/api.w.org\/{rel}","templated":true}]}}