{"id":365,"date":"2020-02-18T15:20:16","date_gmt":"2020-02-18T12:20:16","guid":{"rendered":"https:\/\/yos.ege.edu.tr\/?page_id=365"},"modified":"2023-11-20T10:09:37","modified_gmt":"2023-11-20T07:09:37","slug":"about-egeyos","status":"publish","type":"page","link":"https:\/\/yos.ege.edu.tr\/?page_id=365&lang=en","title":{"rendered":""},"content":{"rendered":"\n<h2 class=\"wp-block-heading\">About EGEYOS<\/h2>\n\n\n\n<p><strong>EGEY\u00d6S is an admission exam for prospective foreign students who wish to study at&nbsp;<em>Ege University&nbsp;<\/em>or other universities in Turkey that accept the results of this exam<\/strong>.<\/p>\n\n\n\n<p>EGEY\u00d6S covers Test of Basic Learning Skills. Test of Basic Learning Skills is composed of 80 questions covering two subtests of mathematics questions (Basic Mathematics Test) and questions with the aim to test the applicants\u2019 reasoning, skills of abstract thinking (Numerical Reasoning Skills Test). <\/p>\n\n\n\n<p>The test does not include questions in the fields of Physics, Chemistry, Biology, Geography or History. While the test has a minimal dependence on language, questions still contain explanations in both Turkish and English.<\/p>\n\n\n\n<p><strong><span class=\"has-inline-color has-vivid-red-color\">2024 EGEYOS\/1 includes the subject headings given in the table below.<\/span><\/strong><\/p>\n\n\n\n<figure class=\"wp-block-table\"><table><tbody><tr><td><strong>NUMERICAL SKILLS TEST (40 QUESTIONS)<\/strong><\/td><td><strong>BASIC MATHEMATICS TEST (40 QUESTIONS)<\/strong><\/td><\/tr><tr><td>Number Encryption with Words\/Letters<\/td><td>Numbers<\/td><\/tr><tr><td>Number Encryption with Shapes<\/td><td>Division and Divisibility<\/td><\/tr><tr><td>Matching Letters with Shapes<\/td><td>Factorials<\/td><\/tr><tr><td>Paper Folding and Cutting<\/td><td>Permutation, Combination and Probability<\/td><\/tr><tr><td>Shape Merge<\/td><td>Rational and Decimal Numbers<\/td><\/tr><tr><td>Completing Joining Shapes<\/td><td>Operation<\/td><\/tr><tr><td>Shape Matrix (Finding the Different Shape)<\/td><td>Simple Inequalities<\/td><\/tr><tr><td>Shape Rotation (Reflection &#8211; Translation &#8211; Symmetry)<\/td><td>Absolute value<\/td><\/tr><tr><td>Completing the Shape Pattern<\/td><td>Exponential numbers<\/td><\/tr><tr><td>Applying the equations in the figure&nbsp;<\/td><td>Radical (Root) numbers<\/td><\/tr><tr><td>Equation in Scales<\/td><td>Ratio and Proportion<\/td><\/tr><tr><td>Equation in Tables<\/td><td>Sets<\/td><\/tr><tr><td>Number Pattern Associated with Shape<\/td><td>Functions<\/td><\/tr><tr><td>Number Pattern<\/td><td>Factoring (Factorization)<\/td><\/tr><tr><td>Relationship Between Two Numbers<\/td><td>Polynomials<\/td><\/tr><tr><td>Operation (Table)<\/td><td>Quadratic Equations<\/td><\/tr><tr><td>Addition and Multiplication Table<\/td><td>Parabola \/ Quadratic Functions<\/td><\/tr><tr><td>Finding Relationship Between Numbers<\/td><td>Trigonometry<\/td><\/tr><tr><td>Completing the Shape to the Square<\/td><td>Logarithm<\/td><\/tr><tr><td>Cube Counting<\/td><td>Complex numbers<\/td><\/tr><tr><td>Nets of Cubes<\/td><td>Sequence &#8211; Series &#8211; Summation and Product\u00a0Notation<\/td><\/tr><tr><td>Painted Surfaces in Cubes<\/td><td>Analytic Geometry (Lines)<\/td><\/tr><tr><td>Counting Shapes (Triangle, Square, Rectangle etc.)<\/td><td>Limit<\/td><\/tr><tr><td>4\u00d74, 5\u00d75 and 6\u00d76 Sudoku and\/or Similar Logic Games&nbsp;<\/td><td>Derivative<\/td><\/tr><tr><td><\/td><td>Integral<\/td><\/tr><tr><td><\/td><td>Angles (Lines and Triangles)<\/td><\/tr><tr><td><\/td><td>Isosceles, Equilateral and Right Angle Triangles<\/td><\/tr><tr><td><\/td><td>Median and Angle Bisector of a Triangle <\/td><\/tr><tr><td><\/td><td>Quadrangles<\/td><\/tr><tr><td><\/td><td>Area of the Circle<\/td><\/tr><tr><td><\/td><td>Solid Shapes (Prisms, Pyramids, Cubes, Cones, Cylinders etc.)<\/td><\/tr><\/tbody><\/table><\/figure>\n","protected":false},"excerpt":{"rendered":"<p>About EGEYOS EGEY\u00d6S is an admission exam for prospective foreign students who wish to study at&nbsp;Ege University&nbsp;or other universities in Turkey that accept the results of this exam. EGEY\u00d6S covers Test of Basic Learning Skills. Test of Basic Learning Skills is composed of 80 questions covering two subtests of mathematics questions (Basic Mathematics Test) and&hellip; <br \/> <a class=\"read-more\" href=\"https:\/\/yos.ege.edu.tr\/?page_id=365&#038;lang=en\">Devam\u0131<\/a><\/p>\n","protected":false},"author":1,"featured_media":0,"parent":0,"menu_order":0,"comment_status":"closed","ping_status":"closed","template":"","meta":{"footnotes":""},"class_list":["post-365","page","type-page","status-publish","hentry"],"_links":{"self":[{"href":"https:\/\/yos.ege.edu.tr\/index.php?rest_route=\/wp\/v2\/pages\/365","targetHints":{"allow":["GET"]}}],"collection":[{"href":"https:\/\/yos.ege.edu.tr\/index.php?rest_route=\/wp\/v2\/pages"}],"about":[{"href":"https:\/\/yos.ege.edu.tr\/index.php?rest_route=\/wp\/v2\/types\/page"}],"author":[{"embeddable":true,"href":"https:\/\/yos.ege.edu.tr\/index.php?rest_route=\/wp\/v2\/users\/1"}],"replies":[{"embeddable":true,"href":"https:\/\/yos.ege.edu.tr\/index.php?rest_route=%2Fwp%2Fv2%2Fcomments&post=365"}],"version-history":[{"count":14,"href":"https:\/\/yos.ege.edu.tr\/index.php?rest_route=\/wp\/v2\/pages\/365\/revisions"}],"predecessor-version":[{"id":1540,"href":"https:\/\/yos.ege.edu.tr\/index.php?rest_route=\/wp\/v2\/pages\/365\/revisions\/1540"}],"wp:attachment":[{"href":"https:\/\/yos.ege.edu.tr\/index.php?rest_route=%2Fwp%2Fv2%2Fmedia&parent=365"}],"curies":[{"name":"wp","href":"https:\/\/api.w.org\/{rel}","templated":true}]}}