{"id":435,"date":"2020-02-18T16:32:35","date_gmt":"2020-02-18T13:32:35","guid":{"rendered":"https:\/\/yos.ege.edu.tr\/?page_id=435"},"modified":"2024-07-08T13:47:24","modified_gmt":"2024-07-08T10:47:24","slug":"435-2","status":"publish","type":"page","link":"https:\/\/yos.ege.edu.tr\/?page_id=435&lang=en","title":{"rendered":""},"content":{"rendered":"<p><!--StartFragment--><\/p>\n\n\n<h2 class=\"wp-block-heading\"><strong>Contact Information<\/strong><\/h2>\n\n\n\n<p class=\"has-medium-font-size\"><strong><span style=\"color:red\">Please call 0 232 311 21 82 for your questions regarding the selection and placement procedures.<\/span><\/strong><\/p>\n\n\n\n<figure class=\"wp-block-table\"><table><tbody><tr><td class=\"has-text-align-right\" data-align=\"right\">   Ege University Web Page    <\/td><td class=\"has-text-align-right\" data-align=\"right\">\n  <a href=\"http:\/\/www.ege.edu.tr\">www.ege.edu.tr<\/a>\n  <\/td><\/tr><tr><td class=\"has-text-align-right\" data-align=\"right\">   Measurement and Evaluation Application and Research Center    <\/td><td class=\"has-text-align-right\" data-align=\"right\">\n  <a href=\"http:\/\/odem.ege.edu.tr\">http:\/\/odem.ege.edu.tr<\/a>\n  <\/td><\/tr><tr><td class=\"has-text-align-right\" data-align=\"right\">EGEY\u00d6S Web Page  <\/td><td class=\"has-text-align-right\" data-align=\"right\">\n  <a href=\"http:\/\/yos.ege.edu.tr\">http:\/\/yos.ege.edu.tr<\/a>\n  <\/td><\/tr><tr><td class=\"has-text-align-right\" data-align=\"right\">  EGEY\u00d6S Online for the Applicants (For documents of Application, Admission\/Result)<\/td><td class=\"has-text-align-right\" data-align=\"right\">\n  <a href=\"http:\/\/ais.ege.edu.tr\">http:\/\/ais.ege.edu.tr<\/a>\n  <\/td><\/tr><tr><td class=\"has-text-align-right\" data-align=\"right\"><strong>EGEY\u00d6S Information Desk: <\/strong> \u00d6l\u00e7me ve De\u011ferlendirme Uygulama ve Ara\u015ft\u0131rma Merkez M\u00fcd\u00fcrl\u00fc\u011f\u00fc: Ege \u00dcniversitesi Kamp\u00fcs\u00fc E\u011fitim Fak\u00fcltesi 3. Kat Bornova-\u0130zmir  <\/td><td class=\"has-text-align-right\" data-align=\"right\"><a href=\"mailto:odm@mail.ege.edu.tr\">odm@mail.ege.edu.tr<\/a><\/td><\/tr><\/tbody><\/table><\/figure>\n\n\n<p><!--EndFragment--><\/p>\n\n\n<p><\/p>\n","protected":false},"excerpt":{"rendered":"<p>Contact Information Please call 0 232 311 21 82 for your questions regarding the selection and placement procedures. Ege University Web Page www.ege.edu.tr Measurement and Evaluation Application and Research Center http:\/\/odem.ege.edu.tr EGEY\u00d6S Web Page http:\/\/yos.ege.edu.tr EGEY\u00d6S Online for the Applicants (For documents of Application, Admission\/Result) http:\/\/ais.ege.edu.tr EGEY\u00d6S Information Desk: \u00d6l\u00e7me ve De\u011ferlendirme Uygulama ve Ara\u015ft\u0131rma&hellip; <br \/> <a class=\"read-more\" href=\"https:\/\/yos.ege.edu.tr\/?page_id=435&#038;lang=en\">Devam\u0131<\/a><\/p>\n","protected":false},"author":1,"featured_media":0,"parent":0,"menu_order":0,"comment_status":"closed","ping_status":"closed","template":"","meta":{"footnotes":""},"class_list":["post-435","page","type-page","status-publish","hentry"],"_links":{"self":[{"href":"https:\/\/yos.ege.edu.tr\/index.php?rest_route=\/wp\/v2\/pages\/435","targetHints":{"allow":["GET"]}}],"collection":[{"href":"https:\/\/yos.ege.edu.tr\/index.php?rest_route=\/wp\/v2\/pages"}],"about":[{"href":"https:\/\/yos.ege.edu.tr\/index.php?rest_route=\/wp\/v2\/types\/page"}],"author":[{"embeddable":true,"href":"https:\/\/yos.ege.edu.tr\/index.php?rest_route=\/wp\/v2\/users\/1"}],"replies":[{"embeddable":true,"href":"https:\/\/yos.ege.edu.tr\/index.php?rest_route=%2Fwp%2Fv2%2Fcomments&post=435"}],"version-history":[{"count":7,"href":"https:\/\/yos.ege.edu.tr\/index.php?rest_route=\/wp\/v2\/pages\/435\/revisions"}],"predecessor-version":[{"id":1612,"href":"https:\/\/yos.ege.edu.tr\/index.php?rest_route=\/wp\/v2\/pages\/435\/revisions\/1612"}],"wp:attachment":[{"href":"https:\/\/yos.ege.edu.tr\/index.php?rest_route=%2Fwp%2Fv2%2Fmedia&parent=435"}],"curies":[{"name":"wp","href":"https:\/\/api.w.org\/{rel}","templated":true}]}}